ed by 5447?
5419
What is the remainder when 447863 is divided by 1976?
1287
Calculate the remainder when 54345 is divided by 498.
63
What is the remainder when 1562108 is divided by 44?
20
What is the remainder when 3344569 is divided by 14?
11
What is the remainder when 235919 is divided by 729?
452
What is the remainder when 5083139 is divided by 127078?
19
What is the remainder when 15381158 is divided by 15?
8
What is the remainder when 204665 is divided by 40791?
710
Calculate the remainder when 1018630 is divided by 240.
70
What is the remainder when 820089 is divided by 1302?
1131
Calculate the remainder when 99032 is divided by 98345.
687
What is the remainder when 166422 is divided by 3098?
2228
What is the remainder when 8908698 is divided by 206?
22
What is the remainder when 10933687 is divided by 911128?
151
Calculate the remainder when 2132154 is divided by 3519.
3159
What is the remainder when 4192654 is divided by 655?
654
Calculate the remainder when 20534 is divided by 1282.
22
What is the remainder when 1099787 is divided by 9?
5
What is the remainder when 79984 is divided by 1842?
778
Calculate the remainder when 2325501 is divided by 775082.
255
Calculate the remainder when 66346 is divided by 5665.
4031
What is the remainder when 120509 is divided by 31?
12
Calculate the remainder when 479547 is divided by 200.
147
What is the remainder when 49175805 is divided by 16?
13
What is the remainder when 7366941 is divided by 239?
5
What is the remainder when 1175982 is divided by 677?
33
What is the remainder when 845129 is divided by 844962?
167
Calculate the remainder when 1763439 is divided by 92811.
30
What is the remainder when 60354 is divided by 677?
101
Calculate the remainder when 1091996 is divided by 29.
1
Calculate the remainder when 1038809 is divided by 6408.
713
Calculate the remainder when 201431 is divided by 142.
75
What is the remainder when 31582881 is divided by 254?
13
Calculate the remainder when 771754 is divided by 85740.
94
What is the remainder when 227351837 is divided by 279302?
9
What is the remainder when 77394903 is divided by 52?
27
Calculate the remainder when 4593115 is divided by 227.
224
What is the remainder when 5920953 is divided by 389?
373
What is the remainder when 84051 is divided by 41183?
1685
What is the remainder when 1561043 is divided by 26?
3
What is the remainder when 312102 is divided by 17?
16
What is the remainder when 19092327 is divided by 5526?
5523
What is the remainder when 1099848 is divided by 64616?
1376
Calculate the remainder when 5747253 is divided by 712.
701
What is the remainder when 73960 is divided by 1016?
808
Calculate the remainder when 371815 is divided by 554.
81
What is the remainder when 2378177 is divided by 14?
11
Calculate the remainder when 377050 is divided by 3802.
652
Calculate the remainder when 10874 is divided by 684.
614
Calculate the remainder when 166835908 is divided by 77.
8
What is the remainder when 278489350 is divided by 55697868?
10
What is the remainder when 15155196 is divided by 15155186?
10
What is the remainder when 3131114 is divided by 420?
14
What is the remainder when 39473742 is divided by 13157911?
9
Calculate the remainder when 8416142 is divided by 14.
0
Calculate the remainder when 3005617 is divided by 1349.
45
Calculate the remainder when 19696156 is divided by 505029.
25
What is the remainder when 945446 is divided by 194?
84
What is the remainder when 4170461 is divided by 195?
191
Calculate the remainder when 3161295 is divided by 1010.
1005
What is the remainder when 5733588 is divided by 452?
420
What is the remainder when 3006522 is divided by 3998?
26
Calculate the remainder when 78072 is divided by 18889.
2516
Calculate the remainder when 12721490 is divided by 13391.
40
What is the remainder when 62471691 is divided by 1894?
1889
What is the remainder when 309287 is divided by 839?
535
Calculate the remainder when 21222930 is divided by 271.
107
What is the remainder when 115224360 is divided by 1168?
1160
Calculate the remainder when 96504 is divided by 8629.
1585
What is the remainder when 76626 is divided by 72760?
3866
What is the remainder when 31718934 is divided by 660?
654
Calculate the remainder when 3246357 is divided by 649271.
2
What is the remainder when 1738973 is divided by 98?
61
Calculate the remainder when 258276 is divided by 8606.
96
Calculate the remainder when 279241 is divided by 34629.
2209
What is the remainder when 75418496 is divided by 65?
36
Calculate the remainder when 77120 is divided by 844.
316
Calculate the remainder when 57256145 is divided by 19085318.
191
What is the remainder when 617890 is divided by 240?
130
What is the remainder when 6336776 is divided by 798?
656
What is the remainder when 2307665 is divided by 209786?
19
What is the remainder when 2227370 is divided by 775?
20
Calculate the remainder when 2040136 is divided by 21.
7
Calculate the remainder when 414687 is divided by 761.
703
Calculate the remainder when 3716037 is divided by 3556.
17
Calculate the remainder when 44900052 is divided by 378.
78
What is the remainder when 98129272 is divided by 1213?
1211
What is the remainder when 762091 is divided by 76202?
71
Calculate the remainder when 59559499 is divided by 637.
636
What is the remainder when 3194442 is divided by 454?
98
Calculate the remainder when 363236 is divided by 181570.
96
What is the remainder when 542703 is divided by 818?
369
What is the remainder when 467314300 is divided by 155771430?
10
What is the remainder when 21238 is divided by 1416?
1414
What is the remainder when 429625899 is divided by 1892?
1891
What is the remainder when 122613277 is divided by 695?
682
What is the remainder when 141142 is divided by 69816?
1510
What is the remainder when 6892332 is divided by 118833?
18
Calculate the remainder when 259141624 is divided by 2125.
2124
What is the remainder when 154259 is divided by 75815?
2629
What is the remainder when 131092 is divided by 130696?
396
What is the remainder when 1602543 is divided by 1062?
1047
Calculate the remainder when 522119 is divided by 972.
155
What is the remainder when 9143448 is divided by 914342?
28
Calculate the remainder when 924253 is divided by 924170.
83
Calculate the remainder when 123941264 is divided by 43.
42
What is the remainder when 47368 is divided by 40528?
6840
What is the remainder when 630883 is divided by 37?
33
What is the remainder when 1271734 is divided by 204?
202
What is the remainder when 5948278 is divided by 140?
98
Calculate the remainder when 7060919 is divided by 213967.
8
What is the remainder when 1675964 is divided by 209?
202
What is the remainder when 111069 is divided by 208?
205
Calculate the remainder when 17189172 is divided by 303.
285
Calculate the remainder when 49424 is divided by 47867.
1557
Calculate the remainder when 1325231 is divided by 9.
8
What is the remainder when 88843 is divided by 324?
67
What is the remainder when 26506973 is divided by 1028?
1021
What is the remainder when 25512198 is divided by 58247?
12
What is the remainder when 784849 is divided by 196198?
57
What is the remainder when 65062695 is divided by 17176?
7
What is the remainder when 96630 is divided by 23981?
706
What is the remainder when 102522 is divided by 492?
186
What is the remainder when 806765 is divided by 1228?
1197
Calculate the remainder when 5704268 is divided by 72.
68
What is the remainder when 133744 is divided by 43878?
2110
What is the remainder when 239237 is divided by 119546?
145
What is the remainder when 12695893 is divided by 198373?
21
What is the remainder when 9545627 is divided by 25455?
2
Calculate the remainder when 4805245 is divided by 311.
295
What is the remainder when 1957683 is divided by 163133?
87
What is the remainder when 6870175 is divided by 1005?
1000
What is the remainder when 15090850 is divided by 5030277?
19
What is the remainder when 3178033 is divided by 81?
79
Calculate the remainder when 151331 is divided by 37803.
119
What is the remainder when 1457500 is divided by 290711?
3945
Calculate the remainder when 7117496 is divided by 7830.
26
Calculate the remainder when 205831 is divided by 5403.
517
What is the remaind